
Evaluate (-91 - 40 - (-6 - 70)) + (-10 + 1 - 0).
-64
What is (2 - 0 - 9) + 19 + -1 + 3 + -26?
-12
-21 + (99 - 47) + -85
-54
1 + -2 + (-6 - 4) + 84 + -103
-30
Evaluate -125 + -23 + 17 + 9 + (0 - -11) + -1.
-112
-8 - ((1 - 4) + -53 + -5 + 63)
-10
Evaluate (11 - (-2 + (2 - 3))) + (-152 - (-34 - 133)).
29
What is 4 - -52 - ((7 - -1) + 3 + -5)?
50
What is (-51 - 2) + 0 + -1 + (169 + -42 - 120)?
-47
Evaluate -47 + (-48 - (22 + -50)).
-67
What is the value of -14 + -1 + 0 + 7 + (16 - 13 - 14)?
-19
-60 + (115 - 67) + -1 + 1
-12
81 + (-78 - 16) - (-28 - 1)
16
Evaluate -29 - (-44 - -25) - (0 + -2) - (-5 - 39).
36
-11 - (74 + 20) - -73
-32
7 + 26 + 58 - (0 + -1 + -4)
96
(-40 - 1) + 682 + -634
7
Evaluate -23 + (-62 - (-25 - -31)) - (2 + -11).
-82
Calculate -115 - -49 - (1 + -10 + -4 + 31).
-84
What is (-134 + 122 - -4) + (39 - 0)?
31
Calculate -23 + 37 + (100 - 77).
37
Evaluate (-21 - 12) + 17 + 5 + 66.
55
What is the value of (5 - 14) + 10 + -8 + 80 + (-1 - 6)?
66
Evaluate -7 - (25 - 9) - -18.
-5
Calculate 7 - (-11 - ((-2 - 2) + (-3 - 5))).
6
What is the value of 39 + (-1 - 16 - (472 - 465))?
15
What is the value of 27 + 19 + -40 - (11 + 2)?
-7
Calculate 7 - -3 - (-8 - (2 - 1) - -36).
-17
What is (-10 - (-15 - 2 - -11) - 2) + -33 + 0?
-39
What is the value of 35 - (-6 + (2 - -13) + -10 + 9)?
27
0 + -8 + (-5 - 20 - -34 - 2)
-1
What is the value of 62 - -1 - -66 - 62?
67
-7 + 1 + -2 + (-428 + 375 - (1 + 9))
-71
Evaluate 35 + -16 - (-3 + 15 + 47).
-40
16 + 0 + -5 + (31 - 89)
-47
13 - (2100 + -2154 - (0 - 21))
46
Calculate -54 - (-42 - -94 - 28).
-78
Calculate -10 + -1 + 3 - (25 + -35 + -96).
98
What is the value of (-3 - (-1 + (-19 - -42))) + (-2 - 8)?
-35
What is -39 + (68 - 24) - -13?
18
0 + (-18 - ((8 - 29) + 16)) + 15 + 148
150
(-15 - ((5 - 0) + -29)) + 26 + 9 + 0
44
What is (15 + (20 - 28) - (66 + 1 + 2)) + 5?
-57
What is the value of (8 - -36 - 29) + 6 + -8?
13
What is 1 + -29 - (15 + -3 - 32 - -9 - -8)?
-25
6 - ((-11 - 22 - (-35 - -2)) + (1 - -100))
-95
What is -4033 + 4056 + (-1 - 38)?
-16
Evaluate (-47 - 7) + 62 - (-1 + (65 - 0)).
-56
What is -1 + 34 - (-2 + (46 - (25 + 6)))?
20
Evaluate 9 + 8 + -56 - -1 - 22.
-60
Calculate -4 - (-15 + 44 + 5 - -3).
-41
What is -71 + (49 - -97) - (4 - (4 + 0))?
75
Evaluate 0 - 13 - ((-64 - 9 - 12) + 22).
50
(91 - 98 - -8 - (1 + 0)) + -1 + -66
-67
30 - (-1 + 0 + 4 + 1)
26
What is 1 - (13 + -49 + -23 - -23)?
37
What is 16 + ((27 - -19) + -45 - (-13 + 0))?
30
-25 + 94 + (-68 + 29 - -25)
55
Calculate -1 + -5 - (150 + -179 - (3 + -1 + -3)).
22
What is (-29 - (-65 + 89)) + -4 + 20?
-37
(-256 - -289) + (0 - 40) + 106
99
What is (-32 - (0 - (-1 - 1))) + (110 - -17 - 127)?
-34
What is 31 - (56 + (12 - 45) - -48)?
-40
Calculate 42 + 7 - (-28 + 60 + -27).
44
What is 1 - -1 - (-10 - -15) - (-43 + -5 + -14)?
59
What is the value of 2 + 22 - (-91 + (106 - -97))?
-88
What is the value of -75 + (116 - (195 + -90))?
-64
(-7 - -8 - -7) + (-2 + -3 + 7 - 8)
2
What is (31 - 73) + 35 - (1 + -13)?
5
-97 - (-4 - -3) - ((-3 - -18) + (246 - 268))
-89
(-3 - 31) + 20 - (-6 - -34)
-42
What is 5 + (19 - 28) + (0 - -8) + (59 - 1)?
62
Calculate -11 + (2 + -35 - (-8 - (-42 - -47))).
-31
Calculate 4404 + -4472 + -12 + 1.
-79
Calculate 64 + 32 + -77 + 10 + 45.
74
What is -91 - (16 + 16 - -23 - 26)?
-120
0 + 3 + -34 + (-40 - (2 - 40))
-33
100 + (-18 - -29) + -35 + 15 + 2
93
(-28 - (-18 + 7 - 7)) + -13 + -11
-34
(20 - 38 - -14 - (0 + -37)) + (18 - 22)
29
Evaluate 1 + -48 - (-47 + 5) - (0 + -1 + 2).
-6
-2 + 54 - ((-5 - (-10 + 12 + 5)) + 5)
59
Evaluate -8 + -22 + -18 - -2.
-46
What is -26 + (102 - 173) + 111?
14
Calculate -13 + 114 + -79 + (10 - -1).
33
What is the value of 2 + -11 - (1977 - 1989)?
3
Calculate 3 + 0 + (9 - 4) + -35.
-27
Calculate 2 + -2 - (-94 + (2 - -59)).
33
What is 15 + 5 + (-11 + 28 - -1) + 14?
52
What is the value of (75 - 7) + -19 - -13?
62
What is 4 + -31 + 241 + -106 + -85?
23
What is the value of -24 - (39 + 175 + -141)?
-97
What is the value of -6 - (39 + -19 - -2) - -7?
-21
-9 + 6 + -22 + 2 + 0 + -1
-24
What is 1 - (-1 + 15 + -18 + -24)?
29
What is -580 + 460 + (5 - -35)?
-80
What is the value of 2 + (-55 + 32 + 48 - 38)?
-11
(0 - -31) + (773 - 809)
-5
Evaluate -107 + (27 - 0) + 29.
-51
What is (55 + -32 - -20) + (-1 - (-4 - -2)) + 3?
47
What is the value of 17 + (-40 - (28 - 10))?
-41
2 + 1 + (8 - 13) + -11
-13
What is 313 - 296 - (16 - 0) - 11?
-10
What is 15 - (-22 + -26 + 61 - 8)?
10
What is the value of -104 - (-15 - (16 - (6 + 1)))?
-80
Calculate 85 - (16 + -106 + 180).
-5
What is -43 + 66 - (-2 - -13) - ((0 - -1) + -28)?
39
What is -114 - -17 - (180 - 262)?
-15
Evaluate -10 - 60 - 21 - -52.
-39
What is 5 + -11 + (6 - 16) + -13 - (-6 - 7)?
-16
(1022 - 1006 - (7 - 1)) + -12
-2
What is the value of (15 - (104 + -33)) + 23?
-33
What is the value of -5 - ((3 + -5 + 2 - -1) + (58 - 18))?
-46
What is the value of -1 + -6 + (11 - (-40 + 30) - 16)?
-2
What is 0 + -23 + -231 + 185?
-69
-9 - (10 - (-1 - (-14 - -5)))
-11
Evaluate -7 + -22 + 4 + 52.
27
What is 49 - (-9 - (4 - 7) - 28)?
83
Calculate -34 - (0 + -88) - 73.
-19
Calculate (-2 - (-1 - 4)) + (-14 + 39 - 47).
-19
33 + (-48 + 15 - -28)
28
What is the value of (21 - -19) + 3 + (-11 - 14)?
18
Calculate -2 + 4 + 17 - (76 - (48 + 66)).
57
3 + (48 - 83) + 46
14
Evaluate 1 - -26 - ((-83 - -174) + -101).
37
What is the value of (-317 - -327) + (-6 - (-2 + -2))?
8
Evaluate -37 - (-40 - (-8 + 4)).
-1
-32 - (-12 + 18 + -24)
-14
Calculate -4 + (-15 - (24 - (2 + 14))).
-27
Calculate -68 + 3 + (-25 - -30 - -22).
-38
Calculate (-44 - -22) + -15 - -27 - -74.
64
152 + (-17 - -6) + 28 + -15
154
-2 + 16 + -134 + 115
-5
Evaluate -10 - (12 + -16) - (82 - (-2 + 3 + -5)).
-92
-11 - ((-16 - (5 + -110)) + 19 + -13)
-106
61 + -27 - ((-12 - (2 - 4)) + (99 - 100))
45
(7 - 48 - -9) + (-5 + -6 + -2 - -13)
-32
What is -4 - -26 - (76 + -87)?
33
What is the value of -6 - (-3 + 8 - 5 - -7) - 7?
-20
Calculate -2 + (45 - (2 + 3)) + (-3 - 13 - -23).
45
What is -38 - (18 + -14 + (-11 - (3 + (-5 - -4))))?
-29
What is (-135 - -74) + 14 + -27?
-74
Calculate (-1 + 1 - 6) + -558 + 544 + 8 + -2.
-14
What is the value of 46 - 228 - -103 - (5 - 2 - 19)?
-63
14 - (-3 + -1 + 63 - (-27 - -32))
-40
1 + 2 - (-5 + 7 - (-20 - -15))
-4
What is the value of 52 + -14 + -48 + 40?
30
What is (35 - (-6 + -8)) + (14 - (-3 + 15 + -8))?
59
Evaluate -12 - (((6 + 2 - -2) + -3 - 5) + 9).
-23
Calculate 14 - (-11 - (4 - 9 - -12)) - -7.
39
Evaluate 41 - (19 - (-42 + 37 + -128)).
-111
Evaluate (-522 - -585) + (-5 - -1 - (-23 - 1)).
83
What is (-2 - (2 + 61)) + -1149 + 1126?
-88
What is -33 - (-98 + 21 + -5 + 13)?
36
What is -6 + -1 + (-5 - (-5 - -4)) - (34 - 130)?
85
What is -33 + (-40 + -45 - -79)?
-39
What is the value of -5 - ((-14 - -18) + -4 + 9 - -16)?
-30
What is (4 - 148) + (81 - 49 - -6)?
-106
What is 6013 + -6004 - (0 + (0 - (-1 + -3)) - -3)?
2
Evaluate -16 - (7 + (9 + 14 - 18)).
-28
What is the value of 0 + -57 + (-271 + 179 - -74)?
-75
Calculate 158 - (376 + -51 + -81).
-86
Evaluate -50 + 56 + 3 + (-7 - (-15 - -4)).
13
Calculate 103 - (66 - -7) - -43.
73
What is 64 - (3 + 31) - 76?
-46
4 + 5 - (0 - (-1 - (31 - (4 - 1))))
-20
Calculate 5 - -1 - (18 - (-15 - -31) - 15).
19
What is the value of (32 + 3 - 22) + (4 - (3 + -6))?
20
Calculate -27 - (19 - 26) - -7 - -43.
30
2 + 3 + (-79 - -13) - (4 + -4 + -9)
-52
Evaluate (129 - 221) + 124 + -4.
28
What is the value of 6 + -21 + 18 + -4 + -10 + 39?
28
Evaluate 38 + (32 - 12) + -1 + -3 + -1.
53
What is 41 - -1 - (-1 + -10 + -1 + 2)?
52
-52 - (32 - (-20 + (-20 - (-70 - -21))))
-75
-10 + (-92 - (43 - (15 + 1)))
-129
What is (63 - 23 - 152) + 138?
26
Calculate -54 + 92 - (-2 + (5 - 6)).
41
What is -56 + 25 + 16 + -1 + -1 - -2?
-15
What is 2 - 3 - 49 - (100574 + -100652)?
28
What is -64 - -17 - (4 + -3 + (5 - (0 + 2)))?
-51
What is the value of -4 - 34 - (-7 + 16 + -22)?
-25
What is the value of 6 + 24 - 21 - (4 - -7 - -38)?
-40
Evaluate -17 - (21 - 45 - 1).
8
What is the value of 8 + (-15 - -21) + 18 + 4?
36
What is the value of (-13 - -113) + -87 - (1 + 27 - -2)?
-17
What is the value of (12 - (-5 + 20 - 11)) + (-3 - (4 + 0))?
1
Evaluate (-1 - 0) + -4 - ((1 + -33 - 0) + -1).
28
What is -297 + 267 + 14 + -1?
-17
Calculate 16 + 35 + -18 + -228 + 152.
-43
What is 48 + (58 - 68 - (2 - (4